{"id":7,"date":"2022-12-07T11:59:59","date_gmt":"2022-12-07T11:59:59","guid":{"rendered":"https:\/\/fjd.nu\/?page_id=7"},"modified":"2023-05-27T07:49:37","modified_gmt":"2023-05-27T07:49:37","slug":"kontakt","status":"publish","type":"page","link":"https:\/\/fjd.nu\/?page_id=7","title":{"rendered":"Kontakt"},"content":{"rendered":"\r\n<p><img loading=\"lazy\" decoding=\"async\" class=\"alignnone  wp-image-30\" src=\"https:\/\/fjd.nu\/wp-content\/uploads\/2023\/05\/Johan-Dali-300x300.jpg\" alt=\"\" width=\"226\" height=\"226\" srcset=\"https:\/\/fjd.nu\/wp-content\/uploads\/2023\/05\/Johan-Dali-300x300.jpg 300w, https:\/\/fjd.nu\/wp-content\/uploads\/2023\/05\/Johan-Dali-1024x1024.jpg 1024w, https:\/\/fjd.nu\/wp-content\/uploads\/2023\/05\/Johan-Dali-150x150.jpg 150w, https:\/\/fjd.nu\/wp-content\/uploads\/2023\/05\/Johan-Dali-768x768.jpg 768w, https:\/\/fjd.nu\/wp-content\/uploads\/2023\/05\/Johan-Dali-1536x1536.jpg 1536w, https:\/\/fjd.nu\/wp-content\/uploads\/2023\/05\/Johan-Dali-2048x2048.jpg 2048w, https:\/\/fjd.nu\/wp-content\/uploads\/2023\/05\/Johan-Dali-960x960.jpg 960w, https:\/\/fjd.nu\/wp-content\/uploads\/2023\/05\/Johan-Dali-140x140.jpg 140w, https:\/\/fjd.nu\/wp-content\/uploads\/2023\/05\/Johan-Dali-50x50.jpg 50w, https:\/\/fjd.nu\/wp-content\/uploads\/2023\/05\/Johan-Dali-666x666.jpg 666w, https:\/\/fjd.nu\/wp-content\/uploads\/2023\/05\/Johan-Dali-80x80.jpg 80w\" sizes=\"auto, (max-width: 226px) 100vw, 226px\" \/><\/p>\r\n<p><span style=\"color: #ffffff;\"><strong>V\u00e4lkommen till Fotograf Johan Dali.<\/strong><\/span><\/p>\r\n<p><span style=\"color: #ffffff;\">En bild s\u00e4ger mer \u00e4n 1000 ord\u00a0 &#8211; vi h\u00e5ller inte riktigt med. Snarare obegr\u00e4nsat med ord.<\/span><\/p>\r\n<p><span style=\"color: #ffffff;\">Det \u00e4r betraktaren som ser sin version av bildupplevelsen.<\/span><\/p>\r\n<p><span style=\"color: #ffffff;\">S\u00f6ker du fotograf med hundra procent fokus p\u00e5 uppdraget\u00a0har du kommit r\u00e4tt.<\/span><\/p>\r\n<p><span style=\"color: #ffffff;\"><strong>Varf\u00f6r inte anlita tv\u00e5 fotografer till eran stora dag!<\/strong><\/span><\/p>\r\n<p><span style=\"color: #ffffff;\">L\u00e5t oss ta hand om fotograferingen s\u00e5 ni kan njuta av dagen. Med tv\u00e5 fotografer t\u00e4cker vi upp fr\u00e5n morgon till kv\u00e4ll med stor variation p\u00e5 bilder fr\u00e5n flera olika vinklar.\u00a0En \u00e4r med p\u00e5 brudens f\u00f6rberedelser medans den andra f\u00f6ljer brudgummens aktiviteter.\u00a0Under vigseln st\u00e5r vi p\u00e5 varsin sida och dokumenterar diskret.\u00a0Resten av dagen \u00e4r vi p\u00e5 olika st\u00e4llen d\u00e4r dom spontana \u00f6gonblicken sker.<\/span><\/p>\r\n<p><span style=\"color: #ffffff;\">Detta koncept \u00e4r mycket uppskattat av v\u00e5ra brudpar.<\/span><\/p>\r\n<p><span style=\"color: #ffffff;\">Fotograf Johan Dali<\/span><br \/><span style=\"color: #ffffff;\">tel: 08 &#8211; 605 59 00<\/span><br \/><span style=\"color: #ffffff;\">mobil: 0760 &#8211; 24 68 00<\/span><\/p>\r\n<p>&nbsp;<\/p>\r\n","protected":false},"excerpt":{"rendered":"<p>V\u00e4lkommen till Fotograf Johan Dali. En bild s\u00e4ger mer \u00e4n 1000 ord\u00a0 &#8211; vi h\u00e5ller inte riktigt med. Snarare obegr\u00e4nsat med ord. Det \u00e4r betraktaren som ser sin version av<\/p>\n<p class=\"more-link\"><a href=\"https:\/\/fjd.nu\/?page_id=7\" class=\"readmore\">Forts\u00e4tt l\u00e4sa<svg class=\"icon icon-arrow-right\" aria-hidden=\"true\" role=\"img\"> <use href=\"#icon-arrow-right\" xlink:href=\"#icon-arrow-right\"><\/use> <\/svg><span class=\"screen-reader-text\">Kontakt<\/span><\/a><\/p>\n","protected":false},"author":1,"featured_media":0,"parent":0,"menu_order":0,"comment_status":"closed","ping_status":"closed","template":"","meta":{"footnotes":""},"class_list":["post-7","page","type-page","status-publish","hentry"],"_links":{"self":[{"href":"https:\/\/fjd.nu\/index.php?rest_route=\/wp\/v2\/pages\/7","targetHints":{"allow":["GET"]}}],"collection":[{"href":"https:\/\/fjd.nu\/index.php?rest_route=\/wp\/v2\/pages"}],"about":[{"href":"https:\/\/fjd.nu\/index.php?rest_route=\/wp\/v2\/types\/page"}],"author":[{"embeddable":true,"href":"https:\/\/fjd.nu\/index.php?rest_route=\/wp\/v2\/users\/1"}],"replies":[{"embeddable":true,"href":"https:\/\/fjd.nu\/index.php?rest_route=%2Fwp%2Fv2%2Fcomments&post=7"}],"version-history":[{"count":7,"href":"https:\/\/fjd.nu\/index.php?rest_route=\/wp\/v2\/pages\/7\/revisions"}],"predecessor-version":[{"id":41,"href":"https:\/\/fjd.nu\/index.php?rest_route=\/wp\/v2\/pages\/7\/revisions\/41"}],"wp:attachment":[{"href":"https:\/\/fjd.nu\/index.php?rest_route=%2Fwp%2Fv2%2Fmedia&parent=7"}],"curies":[{"name":"wp","href":"https:\/\/api.w.org\/{rel}","templated":true}]}}